mber?
False
Let b(n) = -n**3 - 17*n**2 - 14*n + 26. Let f be b(-16). Let a(z) = -3*z**2 - 5 + 4*z - 2*z + 2*z - z**3. Is a(f) a prime number?
True
Suppose 0 = -2*h + 99 - 105. Is h - (3 - 3) - -1918 a composite number?
True
Suppose -13199334 = -5777*g + 5771*g. Is g a composite number?
False
Is 1300/(-390) - (-10657952)/6 composite?
True
Let a(f) = -746*f**3 - 5*f**2 - 6*f - 4. Let h(i) = -i**3 + i**2 + i + 1. Let y(k) = a(k) + 3*h(k). Suppose -2*n - 259 = -257. Is y(n) composite?
True
Let q(a) = 2*a**2 - 5*a + 14. Let k be q(4). Let y = 27 - k. Is y*(-1 + 42*19) prime?
True
Let t be ((-84)/(-24))/((-14)/(-8)). Let h(n) = 465*n**2 + 7*n - 16. Is h(t) a prime number?
False
Suppose -2*y - 1197 - 929 = 0. Let m = -9506 - -7594. Let u = y - m. Is u a composite number?
True
Let d(q) = 12*q**2 - 21*q - 34. Let j = -97 + 122. Is d(j) prime?
False
Suppose -5*b + 12*s - 9*s + 6368158 = 0, 5*s = 2*b - 2547229. Is b a composite number?
False
Suppose 2*l = 7*l - 5, 2*l + 33142 = 3*t. Suppose 10*a - t - 37222 = 0. Is a a composite number?
True
Let z(r) = -41543*r + 170. Let s be z(-5). Suppose -36*u - s = -51*u. Is u a prime number?
True
Suppose -5*o + 794044 = -3208*w + 3210*w, -5*w + 1985145 = -5*o. Is w prime?
True
Suppose z = -5*r + 1460, -3*r - 5*z - 17 = -871. Let d(o) = o**2 + 6*o. Let g be d(-6). Suppose g*p - r = -p - 2*t, 0 = -p + 2*t + 293. Is p composite?
False
Suppose 0 = 2*l + s - 81290, -4*l + 4*s + 73200 = -89356. Is l prime?
False
Let p(q) = q**3 + 10*q**2 - 3*q - 13. Let u be p(-8). Suppose u = s - 556. Suppose -s = 19*j - 20*j. Is j composite?
True
Let b = 42 + -40. Suppose 0 = b*q + 2*v - 8, -3*q + 1 = -q - 5*v. Suppose 3*y - 236 = -p, -3*y + 0*y = -q. Is p a composite number?
False
Let l = 119979 - -710150. Is l a composite number?
True
Suppose -3*u + 396 = -3*i, -2*i + 412 = 3*u + 3*i. Let m be 4/14 + (-7029)/(-21). Let h = m - u. Is h composite?
True
Let n(r) = 384*r**2 - 97*r - 656. Is n(-7) prime?
True
Let z be 5662 + -1 - (-19)/((-19)/2). Let g = -2728 + z. Is g a prime number?
False
Let b(s) = 25792*s - 1541. Is b(12) a composite number?
True
Suppose -r + 3*k - 19 = -4, -4*r - 3*k = 60. Is (3 + (-1326)/r)*(8 + -3) a composite number?
False
Suppose -5 + 19 = 2*u - 2*c, 5*u - 3*c - 25 = 0. Suppose -u*x + 5 = -b, -x - 3*x + 4 = 0. Let f(k) = -57*k + 28. Is f(b) a composite number?
False
Let h(z) = 122547*z + 938. Is h(13) composite?
False
Suppose j - 991 = -3*u, 7*u - j - 333 = 6*u. Let r = 616 + u. Is r a composite number?
False
Suppose -5*m + 32 = 3*m. Is 1/(m/112)*894/24 composite?
True
Let y(t) = 7*t**3 - 4*t**2 - 266*t - 414. Is y(37) composite?
False
Suppose 4*h = 7*h - 5*z - 54312, -5*z = 0. Let r = h + -8997. Is r prime?
False
Is ((-2)/(-4))/(8/(8031983 - 31)) prime?
True
Suppose o - 2*h - 7866 = 0, -5*o = h - 24743 - 14587. Suppose -o + 47118 = 12*m. Is m a prime number?
True
Let z(b) = b**2 - b + 13. Let h be z(6). Let g be ((-24)/(-10))/(-6) - h/5. Let k(a) = -2*a**3 - 10*a**2 - 13*a - 14. Is k(g) composite?
False
Suppose 3*g = 3*c + 21, 5*c = g + g - 23. Let n be 1/(c/(-3)) + 3. Suppose n*v = a - 5 - 194, 0 = -2*a + 2*v + 398. Is a composite?
False
Let q(m) = -m**2 + 8*m - 9. Let h be q(3). Let p be 38/h - 12/(-18). Suppose p*k - 1043 = 6*k. Is k composite?
True
Let z(y) be the third derivative of -1/6*y**3 + 1/8*y**4 + 0 + 2*y**2 - 1/15*y**5 - 7/120*y**6 - 7*y. Is z(-4) a composite number?
True
Let b = -447239 + 759706. Is b prime?
False
Is (-238890)/(-20)*(-1924)/(-78) composite?
True
Let l = -17 - -13. Let i be (-1 + -2)*(132/(-36))/(-11). Is l + (i - -7) - -877 a composite number?
True
Let g = 327883 + -232490. Is g composite?
False
Let j(p) = 7*p + 5493. Let t be 4 + -1 - ((-8)/(-2) - 1). Is j(t) a composite number?
True
Let k(b) = b**3 + 16*b**2 - 16*b + 20. Let c be k(-17). Suppose -2*l + 0*l - m - 4789 = 0, -5*l - 11978 = -c*m. Let i = -1454 - l. Is i a prime number?
True
Let v(d) = 12132*d**2 + 174*d + 3493. Is v(-21) composite?
True
Let m be ((-56)/16 - -3)*(0 - 6). Suppose -t + 10886 = -m*l, 7*l + 21771 = 2*t + 2*l. Is t a composite number?
False
Suppose 4*b - 258028 - 1165216 = 0. Is b composite?
False
Suppose -6*n = -14*n + 48. Suppose 417 = y + 5*m, n*m = 3*y + m - 1291. Is y a prime number?
False
Let q be (32 - 6) + -4 + 6. Suppose 47*b = q*b + 98629. Is b a composite number?
True
Let q be 19983 - (4 + 6/(-2)). Let o = -11347 + q. Suppose 4*a - 9*a + o = 0. Is a prime?
False
Let q(c) = 47*c**2 + 40*c + 155. Is q(-9) a prime number?
False
Is (-1266)/3165 + (456717/5 - 6/(-3)) a prime number?
False
Let n = 43 + -114. Let v = n + 68. Is 2*2153/(-6)*v composite?
False
Suppose -521332 - 17167 = -13*a. Is a composite?
True
Suppose 14*o - 1544 - 922232 = 0. Is o/10 - 210/(-350) composite?
False
Suppose 3*h = h + 5*a + 31, -3 = 4*h + 3*a. Let q = -144 + 55. Is ((-1)/h)/(-2 + q/(-45)) prime?
False
Let a be (0/1)/(8/(-8)) - -6. Let m(o) be the third derivative of 107*o**4/4 + 13*o**3/2 + o**2. Is m(a) prime?
False
Let k(w) = 223*w**3 - 56*w - 60. Is k(11) a prime number?
True
Is (-7 - -2) + 71886*(10 - 1)/27 prime?
True
Let n(f) = -163*f + 148. Let d be n(18). Let h = d + 6127. Is h a composite number?
True
Let j(d) = -6*d**2 - 11*d - 7. Let c be j(-4). Let s = c + 61. Is 27328/20 - s*2/10 prime?
False
Let f(m) = -m - 6. Let r be f(-6). Suppose y + 2*y + 618 = r. Is 72/(-28) - 9/21 - y a prime number?
False
Let y = 9893 + -6954. Let f = -1457 + 2638. Suppose -f = -8*v + y. Is v prime?
False
Let l = 186130 + 82999. Is l composite?
True
Let r(b) be the first derivative of -4*b**3/3 - 4*b**2 - 11*b - 19. Let k be r(-12). Let h = k - -1005. Is h a prime number?
False
Suppose -t + 268723 = 3*y + 21877, 2*y - 164575 = 3*t. Is y a prime number?
False
Suppose 16*j - 18*j - c = -255567, -3*j + 383328 = -3*c. Is j prime?
True
Let w be ((-3)/(-2))/(3/6). Let l(p) be the first derivative of 8*p**3/3 + 2*p**2 - 7*p - 192. Is l(w) a prime number?
False
Let a(c) = 2*c**3 - 9*c**2 + 15*c - 68. Let q be a(19). Let u = q + -4913. Is u prime?
False
Is 558608/(-1)*53/(-848) a prime number?
True
Let f(u) = -u**2 - 6*u. Let x be f(-5). Suppose 5*y + 3007 = x*m - 6718, -2*y = -5*m + 9737. Is m a prime number?
True
Let d = 18445 - 9558. Is d a prime number?
True
Let f(t) = -70*t + 39. Let w(c) = -c**3 - 15*c**2 + 36*c + 25. Suppose 2*r - 41 = 5*g + 40, -2*r - 72 = 4*g. Let x be w(g). Is f(x) prime?
False
Suppose 323017 + 34071 = 16*z. Is z a composite number?
True
Let o = 70784 + 35769. Is o prime?
False
Let f(d) = 61*d**2 - 67*d + 7793. Is f(-114) a prime number?
True
Suppose 157415 = 4*c - 3*l, -37*c + 196774 = -32*c - 3*l. Is c composite?
False
Let x = -21 + 21. Suppose x = -r - 4*h + 17661, -4*r - 2*h + 19166 = -51506. Is r a composite number?
False
Let k be -6*3*(-5)/45 - 1205. Is k*(2 - 28/12) prime?
True
Let w be (14 - 1) + (-12 - -6). Suppose -w*d + 2764 + 2143 = 0. Is d a prime number?
True
Let u = 273 + -269. Suppose -4*w - 2555 = -3*z, -6*z + 7*z - 857 = -u*w. Is z a composite number?
False
Suppose 3*d + s = -11, 41*d - 21 = 46*d + 3*s. Is 6/(2*d/(-2073)) a prime number?
False
Let o(i) = -1717*i**3 - 7*i**2 - 8*i - 79. Is o(-5) a composite number?
True
Suppose -4*m + 550743 = -5*c, m - 153829 = 5*c - 16147. Is m prime?
False
Let l = 1164890 + -572868. Is l prime?
False
Suppose -5*a + 16 = -2*f, -2*f = 2*a + 3*f + 11. Let m be 16/2*(-4 + a). Is (-12)/m - (-145)/4 composite?
False
Let i(a) be the second derivative of a**6/360 + 13*a**5/120 + 5*a**4/24 + 20*a**3/3 - 40*a. Let x(p) be the second derivative of i(p). Is x(5) a prime number?
False
Suppose -y + 14 = 5*s, -4*y + 30 = y + 5*s. Let u = y - 0. Is ((-319)/u)/(1/(-4)) a composite number?
True
Let s(p) = -p**3 + 1. Let f(v) = -15*v**3 - 2*v**2 - 7*v - 9. Let i(a) = -f(a) + 4*s(a). Let x(u) be the first derivative of i(u). Is x(-2) composite?
False
Let f = -298 + 81. Let a be 18/(-15) + 1 + f/(-35). Suppose -5*z + 13299 = -3*b, 3*z = a*b - 2*b + 7975. Is z prime?
False
Let a = -394 - -3116. Is 45/20*(-4)/(-18)*a a composite number?
False
Let l = 1717990 - 901775. Is l composite?
True
Suppose 3*s - 2665217 = -5*x + 3232280, -3*x = -5*s - 3538471. Is x prime?
False
Let j(g) = 2*g - 9 + 9 - 10. Let d be j(6). Suppose 0 = f, -d*r = 2*r - 4*f - 764. Is r composite?
False
Let r(